et t(a) = -13*a - 10. Let q(w) = -6*h(w) - 5*t(w). What is the remainder when q(-3) is divided by 6?
5
Suppose 12*l - 1537 = 2807. What is the remainder when l is divided by 28?
26
Let b = -732 + 757. What is the remainder when 25 is divided by b?
0
Let q(g) = g**2 + 12*g + 20. Let a(l) be the first derivative of l**3 + 7*l**2/2 + 2*l + 2. What is the remainder when a(-5) is divided by q(-11)?
6
Let t(l) be the third derivative of l**4/2 + 2*l**3/3 - 25*l**2. Suppose c = 5*c - 124. Calculate the remainder when c is divided by t(1).
15
Suppose -4*q + 184 = -56. Suppose 59*o = q*o - 59. What is the remainder when o is divided by 9?
5
Suppose 5*s - 2*v - 66 = 83, 3*s - 102 = -3*v. Calculate the remainder when 147 is divided by s.
23
Let k = 848 + -497. Calculate the remainder when k is divided by 73.
59
Let g(m) = 5*m**2 + 4*m + 6. Let i = -9 - -9. Suppose -33 = -o - i*o. What is the remainder when o is divided by g(-2)?
15
Suppose 13*o - 38*o = -1050. Let a be (-27 - -1)*(-3)/6. Suppose 0 = m + p - 2 - a, -4*m - 5*p = -64. What is the remainder when o is divided by m?
9
Let b(i) = 8*i**2 - 10*i + 24. What is the remainder when 102 is divided by b(2)?
30
Let a = -231 - -333. Let w(n) = n**3 + 8*n**2 + 6*n + 7. Calculate the remainder when a is divided by w(-5).
50
Let u(c) = c**3 - 21*c**2 + 22*c - 24. Let t = 45 + -25. What is the remainder when 63 is divided by u(t)?
15
Let d = 308 - 211. Let s(n) = n**2 - 4*n + 6. What is the remainder when d is divided by s(5)?
9
Let x(y) = y**2 - 14*y - 216. Suppose -2*o + 3*u - 15 = 0, 2*u - 17 = -7. Suppose o = 3*b - 24 + 3. Calculate the remainder when x(-10) is divided by b.
3
Let n(t) = 7*t**2 - 4*t + 1. What is the remainder when n(3) is divided by -3*1 + 11 + 14 + 6?
24
Suppose 2*m = -12 + 40. Suppose -4*s - f = -s - 69, -9 = 3*f. Calculate the remainder when s is divided by m.
10
What is the remainder when (-6)/(-24) - 27108/(-48) is divided by 95?
90
Suppose 0 = 5*q + 2*q + 462. Let p = -26 - q. Calculate the remainder when p is divided by 7.
5
Suppose 4*v = 4*g + 42 + 54, 2*g = 8. What is the remainder when 86 is divided by v?
2
Suppose -12*f + 521 + 79 = 0. Let g be -2 - 0 - (7 + -11). Suppose -g*k = -5*k + 39. What is the remainder when f is divided by k?
11
Let j = 28 + -15. Calculate the remainder when 155 is divided by 6/((-37)/j - -3).
38
Suppose -11 + 28 = r. Suppose 176*t - 1351 - 7449 = 0. What is the remainder when t is divided by r?
16
Suppose 3*n - 2*h - 48 = 0, 42 = n - 5*h + 13. Suppose -13 = -3*q + n. Let i = -82 + 116. Calculate the remainder when i is divided by q.
7
What is the remainder when 38 is divided by (-36)/(-20) + -2 + (-202)/(-10)?
18
Let b(i) = -i + 33. Suppose 5*t - 106 = 4*x, -t + 5*x + 38 = -0*x. Let y = t + 0. What is the remainder when b(0) is divided by y?
15
Let b = 24 - 20. Suppose -4*r + 5*r + 142 = 4*w, 4*w - 136 = -2*r. What is the remainder when w is divided by -2*b*12/(-8)?
11
Let k be 3*(8/(-3) - 3). Let y(t) = -t**3 - 16*t**2 + 17*t + 14. Calculate the remainder when y(k) is divided by 9.
5
Let w be (4/(-2))/(14 + -15). Suppose -w*z - 34 = -3*z. Calculate the remainder when z is divided by 18.
16
Calculate the remainder when 40 is divided by ((-95)/(-20) + -4)*8.
4
Let x = -81 - -127. Calculate the remainder when 228 is divided by x.
44
Suppose 2*f = 23 - 1. Let g = 40 - -27. Let q = -46 + g. What is the remainder when q is divided by f?
10
Suppose -3*s + 6*r = r - 1080, -1800 = -5*s + 2*r. What is the remainder when s is divided by 33?
30
Let z(i) = i**3 - 4*i**2 - 2*i - 1. Let o = 6652 - 6600. What is the remainder when o is divided by z(5)?
10
Suppose -15*x - 4*h - 148 = -16*x, 657 = 4*x - 3*h. What is the remainder when x is divided by 59?
50
Let x(p) = 7*p - 2. Suppose -42*h + 22*h + 700 = 0. What is the remainder when h is divided by x(2)?
11
Suppose 2*z = 4*p - 146, 374*p + 2*z = 369*p + 187. Calculate the remainder when p is divided by 2*(-2)/4*-5.
2
Let b = 22 + -22. Let o be (-28 - b)*(-2)/8. Let j = o - 4. Calculate the remainder when j is divided by 3.
0
Let f(q) be the third derivative of -4*q**2 - 1/6*q**3 + 9/8*q**4 + 0 + 0*q. What is the remainder when f(1) is divided by 15?
11
Let k = -215 + 225. Let b(c) = 19*c. Let y be b(1). Suppose 0*m + y = 3*m + a, 1 = a. Calculate the remainder when k is divided by m.
4
Let d(a) = -a**2 - 6*a - 1. Let s be d(-5). Suppose -3*z + s*z = -1. Let p = 29 + z. Calculate the remainder when p is divided by 15.
13
Suppose 21*d = 18*d + 54. Calculate the remainder when d is divided by 10.
8
Let g = -159 + 64. Let o = g + -52. Let n = -93 - o. What is the remainder when n is divided by 11?
10
Suppose 4*n + 631 = -645. Calculate the remainder when 10/(-30) + n/(-3) is divided by 27.
25
Suppose -3*z + 4*z - 2 = 0. Calculate the remainder when ((-60)/16 - -1)/(z/(-56)) is divided by 20.
17
Suppose -f = -23 - 49. Calculate the remainder when 213 is divided by f.
69
Let s = -83 - -108. Calculate the remainder when s is divided by 4.
1
Suppose 4*h - 2*h - 6 = 0. Let n = -386 + 394. Suppose h*d = n + 13. Calculate the remainder when 31 is divided by d.
3
Suppose 13 = 4*r - 99. What is the remainder when r is divided by 4?
0
Let b = 1 + -23. Let c = -10 - b. What is the remainder when c is divided by 4?
0
Let s(y) = 2*y**3 + 13*y**2 - 9*y - 12. Let u be s(-7). Suppose -u*p + 6*p = 912. Calculate the remainder when p is divided by 21.
18
Let r = 216 + -155. Calculate the remainder when 120 is divided by r.
59
What is the remainder when (-3 - 1992/(-30)) + (-4)/10 is divided by 13?
11
Suppose -98 = 8*h - 8586. Calculate the remainder when h is divided by 38.
35
Let r = -71 - -167. Let j = r - 51. What is the remainder when j is divided by 4?
1
Let r be (-14)/(-4) - 3/(-2). Let s(d) = -d**2 + 5*d + 7. Let k be s(r). What is the remainder when 11 is divided by k + 0 + -1*3?
3
Let b(f) = -2*f**3 + 11*f**2 - 7*f + 1. Calculate the remainder when b(-3) is divided by 18.
13
Suppose -5*l + 4*l + 12 = 0. Suppose -3*m + 78 - l = 0. Suppose -5*v + 33 - 3 = 0. What is the remainder when m is divided by v?
4
Suppose 2*p = 5*p + 5*z - 270, -3*p = -2*z - 249. Suppose 5*y + 55 = 4*a, -3*a + 3*y + p = 2*a. Calculate the remainder when 36 is divided by a.
16
Let q = -45 + -25. Let m = -65 - q. What is the remainder when 10 is divided by m?
0
Let l be 24/8 + (2 - 14). What is the remainder when (459/(-2))/l*2 is divided by 18?
15
Suppose 19 = 2*b + 21, b = 2*m - 35. What is the remainder when 47 is divided by m?
13
Suppose 2*w + 3*c + c = 86, 3*w - 169 = 4*c. Suppose w + 21 = 6*m. Suppose 116 = 4*b - 4*s, -4*s = b - 32 - m. What is the remainder when 94 is divided by b?
30
Let r = -6 + 75. Let b = r - -15. Calculate the remainder when b is divided by 44.
40
Let g(b) = b**3 + 6*b**2 + b - 2. Let s be g(-6). Calculate the remainder when -3*(-10)/(-12)*92/(-10) is divided by (-62)/s - (-1)/4.
7
Let q be (-3)/21 - 66/(-21). Suppose -i = -0 - q. Suppose -47*t - 1 = -48*t. What is the remainder when i is divided by t?
0
Suppose 18*d - 15*d - 72 = -3*y, -4*d - 2*y = -100. Calculate the remainder when (-101)/(1 + (-3 - -1)) is divided by d.
23
Let y = 21 - 17. Suppose 3*j - 4*o - 54 = 0, y*j - 5*o - 69 = 3. Suppose 3*i = 2*d + 37, -i - 5*d + 17 + j = 0. What is the remainder when 40 is divided by i?
10
Let p(v) = v**2 - 8*v - 7. Let y be p(9). Suppose 60 = 6*k - y*k. Suppose k*l = 20*l - 55. Calculate the remainder when 42 is divided by l.
9
Suppose 2*f + 5*a = 33, -5*a + 31 = 2*f - 2*a. Calculate the remainder when 50 is divided by f.
8
Suppose -130 = 5*o - 240. Calculate the remainder when 130 is divided by o.
20
Let d be 16/(0 - -4) + 0. Let o be (-3)/(-1)*d/3. Suppose -2*s = -l + 11 + 26, 0 = -o*s. Calculate the remainder when 108 is divided by l.
34
Suppose -64 = 161*o - 165*o. Let t be (-37)/(-7) + 4/(-14). Suppose -4*q - 4 = 0, -z = -t*z + 3*q + 255. Calculate the remainder when z is divided by o.
15
Let d be (-7)/((-21)/(-12)) - -6. Suppose 26 = d*h - 2. Calculate the remainder when 24 is divided by h.
10
Calculate the remainder when 788 is divided by (-6)/2*(-14 - 8).
62
Let n be (-22)/5*(4 - -1). Let u = -10 - n. What is the remainder when 33 is divided by u?
9
Let g(h) be the first derivative of h**4/4 - h**3/3 - 3*h**2/2 - 3*h -